= 66. Calculate the greatest common factor of b and 55.
11
Suppose -3*m + 6*m - 15 = 0, 3*m + 2025 = 5*u. Suppose 3*t + t = -5*v + u, v - 87 = t. Calculate the greatest common factor of v and 12.
12
Let f(v) = 14*v**3 - 2*v**2 + 2*v - 1. Let u be f(1). Suppose 0 = 2*m - u + 5. What is the greatest common divisor of m and 44?
4
Suppose 0*f + 20 = 4*f. Suppose -4*g + f*i = -119 + 23, -i = 0. Calculate the greatest common factor of 12 and g.
12
Let d = 32 - 18. Let w = 84 - -199. Let i = w + -157. What is the greatest common divisor of i and d?
14
Let i(d) = -5*d**3 + d**2 - d - 1. Let k be i(-1). Let t(n) = n**2 - 4. Let j be t(-4). Calculate the greatest common factor of j and k.
6
Let v(g) = g**2 - 2*g - 1. Let n be v(-1). Suppose 385 = 16*w + 33. What is the greatest common divisor of n and w?
2
Suppose -23*n = -18*n - 195. Calculate the highest common factor of 26 and n.
13
Let n be -2*((-2)/4 + 2). Let q = 17 - n. What is the highest common factor of 5 and q?
5
Let o(r) = r**3 + 12*r**2 + 4*r + 6. Let y be o(-5). Let j(m) = 2*m**3 + 2*m**2 - 2*m + 3. Let w be j(2). What is the highest common factor of y and w?
23
Let r(o) = 6*o**2 + 3*o. Let a be r(-2). Let j(q) = 17*q**3 + 2*q**2 + 2*q - 4. Let c be j(2). What is the highest common divisor of a and c?
18
Let m = 210 - 90. What is the highest common divisor of 24 and m?
24
Let g = -2 - -1. Let b be g*(13*-1 - -2). Let i = -57 + 90. Calculate the highest common divisor of i and b.
11
Suppose -3*l - f = -8*l + 39, 5 = 3*l + 4*f. Let h(r) = -r**3 + 4*r**2 + 8*r - 5. Let k be h(5). Let n = k + -3. What is the greatest common divisor of l and n?
7
Let s(y) = 20*y**2 - 4*y + 2. Let w be s(1). Calculate the greatest common factor of 18 and w.
18
Suppose 3*n = 3*r + 69, -2*n - 7*r + 34 = -3*r. Calculate the highest common divisor of 231 and n.
21
Let y = -7 + 9. Suppose k - 37 = -c - 4*k, -5*c + y*k = -320. Suppose -4*q - u + 97 = 0, 6*u = 2*q + 2*u - c. What is the greatest common factor of 10 and q?
5
Let i = 108 + 0. What is the highest common factor of i and 27?
27
Suppose -5*q = -m + 14 - 49, -5*q - 5*m + 5 = 0. Suppose -9 = -b - 6. What is the highest common divisor of q and b?
3
Let u be ((-72)/10)/((-12)/200). Calculate the highest common divisor of u and 15.
15
Let w(b) = 98*b + 2. Let p be w(2). Calculate the highest common factor of 22 and p.
22
Let y be 30/(-4)*(-40)/15. What is the highest common divisor of 160 and y?
20
Suppose 0 = -5*p + 2*k - 7, 0 = -3*p - 4*k - k + 2. Let s be (1 - p) + (-24)/(-3). Suppose 4*r + s = 34. Calculate the highest common divisor of r and 3.
3
Suppose -5*y + 5 = 5*c - 0, -5*y + 3*c = -5. Suppose -y = b - 27. What is the greatest common factor of b and 182?
26
Let i be 2/(-6) - 602/(-6). Suppose 4*m - 92 = 3*p, 3*m - 2*p - 68 = -0*p. Calculate the highest common factor of m and i.
20
Suppose 5*c + 0*m + 2*m - 56 = 0, -c + 2 = 5*m. Let t be 1*4/(c/21). Calculate the highest common factor of t and 1.
1
Suppose 2*b = 3*k - 35, 3*k - b = k + 25. What is the greatest common divisor of 15 and k?
15
Let b = 6 - -26. Let y be (-15)/(-6)*16/5. Calculate the greatest common factor of y and b.
8
Let s be 906/15 + 6/(-15). Suppose 0 = y + 2*z - 22, 4*y = -2*z + 37 + 45. What is the greatest common divisor of y and s?
20
Let o be -1 + (-3)/((-2)/2). Let p be 4 - o/4*4. Let m = 3 - p. Calculate the highest common factor of 8 and m.
1
Suppose -15 = 5*o - 0*o, 4*a - 196 = -4*o. Calculate the highest common factor of a and 468.
52
Let r(y) = y**3 - y**2 - y - 17. Let g be r(0). Let t = g + 31. Let k be -22*(-1)/(-3)*-21. Calculate the greatest common factor of t and k.
14
Suppose 9*j = j + 320. What is the highest common factor of j and 15?
5
Let v be (0 - 3) + -40 + 1. Let p = v + 119. Calculate the highest common divisor of 7 and p.
7
Let v = 76 - 58. Calculate the highest common divisor of v and 72.
18
Let d(y) = 144*y - 3. Let m be d(3). What is the greatest common factor of 39 and m?
39
Let q(f) = -f + 2. Let c be q(-3). Let o(w) = 15*w + 4. Let a(t) = -1. Let v(x) = a(x) - o(x). Let z be v(-4). What is the highest common factor of c and z?
5
Let a(v) = -2*v**3 - v**2 + 1. Let g be a(-1). Let w(o) = o**2 + 12*o - 17. Let n be w(-14). Let k = 17 - n. Calculate the greatest common divisor of k and g.
2
Let f(g) = -2*g + 0 - 2 + 9*g + g**2. Let o be f(7). Suppose -2*q = -8 - 16. Calculate the highest common factor of q and o.
12
Let n = 18 - 15. Suppose 0*l + 5*l = n*o + 24, 9 = -3*o. Calculate the greatest common factor of l and 12.
3
Let b(n) = n**3 - 5*n**2 - 4*n + 8. Let m be b(6). What is the greatest common divisor of m and 100?
20
Let f be -5*1*(-6)/(-5). Let y be 8/6*(-171)/f. Suppose 0 = -5*b + 235 + 50. Calculate the greatest common divisor of y and b.
19
Let u = -63 - -64. Suppose -2*r - 5*b = -5*r - 1, 4*r - b - 10 = 0. Calculate the highest common divisor of r and u.
1
Let f(g) = -2*g**3 - 9*g**2 - 4*g + 7. Let t be f(-5). Calculate the greatest common divisor of 13 and t.
13
Suppose -y = 8*y - 612. Calculate the highest common divisor of y and 17.
17
Let y(l) = 6*l**2 - 2*l + 7. Let w be y(7). Suppose -3*m = 2*m + 3*g - w, -4*m - 3*g = -232. What is the greatest common factor of m and 5?
5
Let c(v) = -v**3 - 5*v**2 + v + 3. Let o be c(-5). Let x be (34/6)/(o/12). Let z be (x/(-10) - 3)*15. What is the highest common factor of z and 12?
6
Let h(w) = -w**3 + 5*w**2 - 3*w. Let q = 5 + -1. Let z be h(q). Suppose -20 = z*j - 5*j. What is the highest common factor of j and 8?
4
Let f = -44 - -55. What is the greatest common factor of 1 and f?
1
Suppose -2*v = -0*v - 12. What is the highest common factor of v and 66?
6
Let v = 57 + -37. Calculate the greatest common factor of 220 and v.
20
Let d = -2 + 6. Suppose -4*n + 61 = -4*s + 13, 0 = d*s + 16. Calculate the highest common factor of 2 and n.
2
Let a be (-2)/3*(-18)/4. Let i = 0 + a. Suppose -12 = -3*d - i*r, -2 = 2*d - r - 4. What is the greatest common factor of 2 and d?
2
Suppose -3*w + 3*v + 6 = 0, -2*v = 4*w - 7*v - 9. Let p = w - -5. Suppose 0 = n - 10 - 32. Calculate the highest common factor of n and p.
6
Suppose -5*f - 19 = -44. Let r = 7 + 3. What is the highest common divisor of f and r?
5
Suppose -x - 1 = 0, 2*q - 2*x - 32 = q. What is the greatest common divisor of 15 and q?
15
Suppose 0 = -3*r - 4 - 17. Let z = -25 - -17. Let x = r - z. Calculate the highest common factor of x and 3.
1
Let q = -1 - -40. Calculate the greatest common divisor of q and 52.
13
Let u(m) = 267*m**2 - 3*m + 2. Let l be u(1). Calculate the greatest common factor of 38 and l.
38
Suppose 7*t + 25 = 2*t. Let s = t + 7. Let r = 25 - 17. Calculate the greatest common factor of r and s.
2
Let t = -15 - -35. Suppose 2*r + 5*v = 50, 5*v + 36 = r + 2*v. What is the greatest common factor of t and r?
10
Suppose 0*u + 3*u = 2*c + 16, 2*u + c = 20. Calculate the greatest common factor of 8 and u.
8
Let d(w) = -w**3 - 3*w**2 - w. Let v be d(-4). Calculate the greatest common factor of v and 4.
4
Suppose 0 = 5*f + 1 - 16. Suppose s = 2*q - 18 - 1, -s = 2*q - 29. What is the highest common factor of q and f?
3
Suppose -24 = -4*p + 16. Calculate the greatest common factor of 80 and p.
10
Let h(f) = f**2 - 7*f - 10. Let g be h(9). Calculate the highest common factor of g and 2.
2
Let m(b) = b**2 - 9*b - 10. Let o be m(11). Suppose r - o = -2*r. What is the greatest common factor of 4 and r?
4
Let z = 493 + -318. Suppose 4 + 58 = h - 2*b, -3*h = 5*b - z. Calculate the highest common divisor of 40 and h.
20
Let h(x) = -x**2 + 10*x + 14. Let k be h(11). What is the greatest common divisor of 27 and k?
3
Let t be (-6)/(-3) - -1*1. Suppose 3*b - 20 = 2*y, -t*y - 13 - 2 = -3*b. What is the greatest common divisor of b and 50?
10
Suppose -229 = -5*o + 3*x - 4*x, 168 = 4*o - 3*x. Suppose l - 11 + 37 = 0. Let d = 56 + l. What is the highest common divisor of d and o?
15
Let s be 2 + 0/2 - -5. Let f(z) = z**2 - z - 7. Let h be f(7). What is the greatest common divisor of s and h?
7
Let q = 20 - 12. What is the greatest common divisor of q and 4?
4
Let k(s) = -s**3 + 9*s**2 + 2*s - 4. Let y be k(7). Calculate the highest common factor of 12 and y.
12
Let l = 12 + -6. Calculate the highest common divisor of 4 and l.
2
Suppose -490 - 294 = -4*f.